v(-3). Let z = q + 8. Suppose -20 = -z*o + 55. What is the remainder when 73 is divided by o?
23
Let h = -11 + 34. What is the remainder when 65 is divided by h?
19
Suppose 36 = 7*i - 20. What is the remainder when 14 is divided by i?
6
Suppose -20 = -4*r + 64. What is the remainder when r is divided by 8?
5
Let i = 4 - 17. Let k = i - -18. Suppose 2*u + 3*u = -k*n + 5, 0 = 4*u + n - 16. What is the remainder when u is divided by 2?
1
Calculate the remainder when (3 - (1 - 1))*15 is divided by 8.
5
Suppose -4*d + 38 = -4*c - 186, 0 = c + 3. What is the remainder when d is divided by 11?
9
Let w(h) = h + 17. Calculate the remainder when ((-17)/4)/((-5)/20) is divided by w(-8).
8
Suppose -c - 4*f + 34 = 2*c, -22 = -c + 4*f. What is the remainder when ((-164)/6)/(4/(-6)) is divided by c?
13
Let c be -1 - (517 + -1)/(-3). Let v = 94 - c. Calculate the remainder when (-8)/32 - v/4 is divided by 11.
8
Let x = 14 - 1. Suppose f = -9*i + 4*i + 184, 5*i = -3*f + 182. What is the remainder when i is divided by x?
11
Suppose 3*w - 13 = -r + 33, 4*r = w + 184. Let s(o) = -9*o - 2. Calculate the remainder when r is divided by s(-2).
14
Let t = -19 + 81. What is the remainder when t is divided by 16?
14
Let p(w) = 2*w + 26. Calculate the remainder when 107 is divided by p(6).
31
Let f = 51 + -35. What is the remainder when 45 is divided by f?
13
Let i(f) = f**3 + 11*f**2 + 11*f - 7. Let d(a) = 1. Let p(u) = 2*d(u) - i(u). Calculate the remainder when 75 is divided by p(-10).
18
Suppose 4*h + 5 - 1 = 0. Suppose v - 2 + 4 = 0. Calculate the remainder when 14 is divided by 2*((-2)/h - v).
6
Suppose 0 = -5*k - 4*d + 379, 2*d - d = 2*k - 162. Calculate the remainder when k is divided by 2*(9 - -2) - 2.
19
Suppose -2*a = -w + 5, 0*a + a + 1 = -w. Let d = 9 + -25. Calculate the remainder when w is divided by d/(-12) - (-1)/(-3).
0
Suppose 2*k - 4*k + 40 = 0. What is the remainder when k is divided by 13?
7
Suppose 6*b + 759 = 3*b. Let t = b + 139. Calculate the remainder when ((-1)/2)/(1/t) is divided by 15.
12
Calculate the remainder when 43 is divided by -8 - -9 - 1*-15.
11
Let x(p) = p**2 + 2*p - 4. Let m = 3 - 6. Let j be x(m). Let t(a) = -14*a - 1. What is the remainder when 25 is divided by t(j)?
12
Suppose 59 = -4*g + 155. What is the remainder when 80/g*(-6)/(-4) is divided by 2 + (0 - 1)/(-1)?
2
What is the remainder when 9 is divided by (-4)/10 + 132/30?
1
Let x(j) = 7*j - 20. Calculate the remainder when x(11) is divided by 22.
13
Suppose 59 = -8*k + 9*k. Calculate the remainder when k is divided by 20.
19
Let x be 1/(-1*2/(-8)). Suppose -x*l + 32 = 2*c, -l - 37 - 4 = -3*c. Calculate the remainder when (5/4)/(-9*(-11)/3168) is divided by c.
12
Suppose -3*f = f - 20. Suppose 3*z + 4*m = -17, 20 = -f*z - 5*m - 0. Calculate the remainder when 27 is divided by z*-2 - (-13 - 3).
13
Suppose -f + 4*h = h - 184, 0 = 4*f + h - 710. Calculate the remainder when f is divided by 36.
34
Let r = 26 + -15. Suppose -5*n + 4*p + 92 = 0, -2*n + r + 39 = 5*p. Let u = 93 + -55. What is the remainder when u is divided by n?
18
Suppose 3*l - 43 = -4*q, 3 = -3*q + 2*l + 31. Let u(a) = -2*a. Let o = 2 + -5. What is the remainder when q is divided by u(o)?
4
Suppose -2*m + 16 = -3*f, 0 = 2*f + 2*m - 5*m + 19. Calculate the remainder when 35 is divided by f/((-5)/(-6) + -1).
11
Suppose -8 = -h - 3. Let p(o) = -7*o - 1. Calculate the remainder when (2 - 7)*(-16)/h is divided by p(-1).
4
Let h(f) = f**3 - 11*f**2 - 14*f + 14. Let z be h(12). Let c = z + 18. Let x = 27 - -2. Calculate the remainder when x is divided by c.
5
Suppose 0*p + 45 = 5*p. Suppose -5*w - 15 = -2*q, -4*q = 2*w - 0*w - 18. What is the remainder when 25 - (2/w - -2) is divided by p?
7
Let p(l) = 100*l**3 + l**2 - l + 1. Let h be p(1). Let u = -61 + h. What is the remainder when u is divided by 21?
19
Let y = 22 + -10. Let h be 30/8 + 3/y. Suppose h*p - 11 - 25 = 0. What is the remainder when 16 is divided by p?
7
Suppose 2*n + 0 = 6. Let p be 4/((-2 + 5)/n). Suppose 0 = -5*w + p*w + 22. What is the remainder when w is divided by 12?
10
Suppose -5*x + 2*w + 99 = 0, 0*w = 5*w + 10. Calculate the remainder when x is divided by (-1)/2 + (-46)/(-4).
8
Let g = 20 - 12. Let k = 10 + g. What is the remainder when k is divided by 10?
8
Let o(g) = 4 - 12*g + 2*g - g**2 - 6*g. Let d = -5 + 16. What is the remainder when o(-15) is divided by d?
8
Let n(h) = -h + 14. Let t(d) = -d - 8. Let j be t(-8). Calculate the remainder when 53 is divided by n(j).
11
Suppose 0 = 3*z - 50 + 5. Let u be 4/3*(-306)/(-12). Suppose u = g + 5. Calculate the remainder when g is divided by z.
14
Let w be 2/((-12)/9)*-2. Suppose w*k + 2 + 1 = 0. What is the remainder when 15 is divided by -2 + 11 + 1 + k?
6
Let c = -32 + 63. What is the remainder when 59 is divided by c?
28
Let y(w) = -17*w - 8. What is the remainder when y(-2) is divided by 15?
11
Suppose -3*w + 48 = w. Let i = -85 + 183. Suppose 0 = -2*t + 7*t - 3*d - i, -5*t - 5*d = -130. What is the remainder when t is divided by w?
10
Let b be 4*(-2)/20 - 4/(-10). Suppose 3 - 2 = -d. What is the remainder when 15 is divided by 9/((-1)/(d + b))?
6
Let t(o) = 3*o - 2. Let z be t(2). Suppose -2*a + 28 = z. Suppose -3*k + a = k. Calculate the remainder when 4 is divided by k.
1
Let y(z) = 8*z - 3. What is the remainder when y(4) is divided by 16?
13
Let i = 12 + -5. Calculate the remainder when 32 is divided by i.
4
Let m = 29 - -10. What is the remainder when m is divided by 14?
11
What is the remainder when 6188/130 + (-2)/(-5) is divided by 17?
14
Suppose 5*b - b = 120. What is the remainder when 58 is divided by b?
28
Let v be 100/6 - (-1)/3. Let l = -10 + v. Let j(a) = a**2 - a + 6. Calculate the remainder when j(-4) is divided by l.
5
Let p = 103 - 84. What is the remainder when p is divided by 6?
1
Let o = 73 + -60. Let s(f) = 8*f**2 + 2*f - 3. Let q be s(-3). Suppose 54 = 2*z - 4*r, 2*z + 17 = -4*r + q. Calculate the remainder when z is divided by o.
12
Suppose -2*z - 16 = -b + 10, 4*b = -5*z + 39. What is the remainder when b is divided by 8?
0
Let d = 67 - 31. Suppose 10 = 2*f, -f - 90 = -5*p - 6*f. Calculate the remainder when d is divided by p.
10
Let z be ((-3)/6)/(2/(-172)). Let a = z + -29. What is the remainder when 39 is divided by a?
11
Let w(u) = u**2 - 3*u + 2. Let t be w(3). Suppose -4*x = -3*o + 10, -3*o = 4*x - t*x - 22. What is the remainder when o is divided by 4?
2
Suppose -p - 44 = -2*y + 3*p, -y + 19 = p. Let f = -5 - -16. Calculate the remainder when y is divided by f.
9
Let a(h) = 25*h - 1. Let s(r) = -r - 1. Let l(b) = -a(b) + 3*s(b). What is the remainder when l(-1) is divided by 14?
12
Calculate the remainder when (9/(-6) + 0)*-24 is divided by 10.
6
Let y(n) = n**2 + n - 1. Let p be (-1 - (-40)/25)*5. What is the remainder when p/(-4) - (-165)/12 is divided by y(2)?
3
Let i = -4 - -8. What is the remainder when 22 is divided by i?
2
Let s = -21 - -34. What is the remainder when s is divided by (-37)/(-5) + 3/5?
5
Let a be (0 - -4)/(0 - 2). Let v = 8 + a. What is the remainder when 11 is divided by v?
5
Let x = 44 - 21. Let q = -15 + x. What is the remainder when 21 is divided by q?
5
Calculate the remainder when 11 is divided by (6/(-5))/((-6)/30).
5
Let p(n) = -n + 16. Let d be p(8). Suppose d = 5*k - k. What is the remainder when 4 is divided by k?
0
Let s = 41 + 28. What is the remainder when s is divided by 24?
21
Let m(d) = -d**2 - 7*d - 2. What is the remainder when (-3)/(-3) - 42/(-3) is divided by m(-6)?
3
Let b(c) = 169*c + 4. What is the remainder when b(1) is divided by 29?
28
Let f(s) = s - 2. Let i be f(-13). Calculate the remainder when 18 is divided by i*(12/(-9) - -1).
3
Suppose z + 1 = 13. Calculate the remainder when 43 is divided by z.
7
Suppose -380 = 10*n - 15*n. What is the remainder when n is divided by 13?
11
Suppose 14*h + 16 = 16*h. Calculate the remainder when h is divided by 5.
3
Suppose -5*w = -12 - 8. Suppose 34 = w*c - 30. Calculate the remainder when c is divided by 6.
4
Let u(n) = n**2 - 2*n + 27. What is the remainder when 78 is divided by u(0)?
24
Suppose -3*k - 13 = -p, -5*p + 24 = -2*p - 4*k. What is the remainder when p/8 + (-102)/(-4) is divided by (28/(-5))/(4/(-10))?
12
Suppose -3*b = -6*b + 3*k + 9, 5*k - 9 = 2*b